{"id":20,"date":"2026-03-02T13:19:18","date_gmt":"2026-03-02T13:19:18","guid":{"rendered":"https:\/\/isdrgoma.ac.cd\/?page_id=20"},"modified":"2026-03-26T06:38:10","modified_gmt":"2026-03-26T06:38:10","slug":"accueil","status":"publish","type":"page","link":"https:\/\/isdrgoma.ac.cd\/","title":{"rendered":"Accueil"},"content":{"rendered":"\t\t<div data-elementor-type=\"wp-page\" data-elementor-id=\"20\" class=\"elementor elementor-20\">\n\t\t\t\t<div class=\"elementor-element elementor-element-fd9f605 e-con-full e-flex e-con e-parent\" data-id=\"fd9f605\" data-element_type=\"container\" data-e-type=\"container\" data-settings=\"{&quot;background_background&quot;:&quot;slideshow&quot;,&quot;background_slideshow_gallery&quot;:[{&quot;id&quot;:16,&quot;url&quot;:&quot;http:\\\/\\\/isdrgoma.ac.cd\\\/wp-content\\\/uploads\\\/2026\\\/03\\\/PXL_20230411_140748048-scaled.jpg&quot;}],&quot;background_slideshow_loop&quot;:&quot;yes&quot;,&quot;background_slideshow_slide_duration&quot;:5000,&quot;background_slideshow_slide_transition&quot;:&quot;fade&quot;,&quot;background_slideshow_transition_duration&quot;:500}\">\n\t\t<div class=\"elementor-element elementor-element-619748d e-con-full e-flex e-con e-child\" data-id=\"619748d\" data-element_type=\"container\" data-e-type=\"container\">\n\t\t\t\t<div class=\"elementor-element elementor-element-d5e987b elementor-widget elementor-widget-heading\" data-id=\"d5e987b\" data-element_type=\"widget\" data-e-type=\"widget\" data-widget_type=\"heading.default\">\n\t\t\t\t\t<h3 class=\"elementor-heading-title elementor-size-default\">INSTITUT SUPERIEUR DE DEVELOPPEMENT RURAL<\/h3>\t\t\t\t<\/div>\n\t\t\t\t<div class=\"elementor-element elementor-element-cfa30a3 elementor-widget elementor-widget-text-editor\" data-id=\"cfa30a3\" data-element_type=\"widget\" data-e-type=\"widget\" data-widget_type=\"text-editor.default\">\n\t\t\t\t\t\t\t\t\t<p>Nous formons des professionnels comp\u00e9tents et engag\u00e9s pour promouvoir un d\u00e9veloppement durable, inclusif et innovant en milieu rural. \u00c0 travers un enseignement de qualit\u00e9, alliant th\u00e9orie et pratique, nous pr\u00e9parons nos \u00e9tudiants \u00e0 devenir des acteurs du changement au service des communaut\u00e9s locales et nationales.<\/p>\t\t\t\t\t\t\t\t<\/div>\n\t\t\t\t<div class=\"elementor-element elementor-element-ba3e14d elementor-align-left elementor-widget elementor-widget-button\" data-id=\"ba3e14d\" data-element_type=\"widget\" data-e-type=\"widget\" data-widget_type=\"button.default\">\n\t\t\t\t\t\t\t\t\t\t<a class=\"elementor-button elementor-button-link elementor-size-sm\" href=\"https:\/\/isdrgoma.ac.cd\/?page_id=144\">\n\t\t\t\t\t\t<span class=\"elementor-button-content-wrapper\">\n\t\t\t\t\t\t\t\t\t<span class=\"elementor-button-text\">Notre Acad\u00e9mie<\/span>\n\t\t\t\t\t<\/span>\n\t\t\t\t\t<\/a>\n\t\t\t\t\t\t\t\t<\/div>\n\t\t\t\t<\/div>\n\t\t\t\t<\/div>\n\t\t<div class=\"elementor-element elementor-element-113b500 e-flex e-con-boxed e-con e-parent\" data-id=\"113b500\" data-element_type=\"container\" data-e-type=\"container\" data-settings=\"{&quot;background_background&quot;:&quot;classic&quot;}\">\n\t\t\t\t\t<div class=\"e-con-inner\">\n\t\t<div class=\"elementor-element elementor-element-6ff6b13 e-con-full e-flex e-con e-child\" data-id=\"6ff6b13\" data-element_type=\"container\" data-e-type=\"container\" data-settings=\"{&quot;background_background&quot;:&quot;slideshow&quot;,&quot;background_slideshow_gallery&quot;:[{&quot;id&quot;:56,&quot;url&quot;:&quot;http:\\\/\\\/isdrgoma.ac.cd\\\/wp-content\\\/uploads\\\/2026\\\/03\\\/557301321_815705178069045_8724890443210212083_n.jpg&quot;}],&quot;background_slideshow_loop&quot;:&quot;yes&quot;,&quot;background_slideshow_slide_duration&quot;:5000,&quot;background_slideshow_slide_transition&quot;:&quot;fade&quot;,&quot;background_slideshow_transition_duration&quot;:500}\">\n\t\t\t\t<\/div>\n\t\t<div class=\"elementor-element elementor-element-5f87bd1 e-con-full e-flex e-con e-child\" data-id=\"5f87bd1\" data-element_type=\"container\" data-e-type=\"container\">\n\t\t\t\t<div class=\"elementor-element elementor-element-e806efa elementor-widget elementor-widget-heading\" data-id=\"e806efa\" data-element_type=\"widget\" data-e-type=\"widget\" data-widget_type=\"heading.default\">\n\t\t\t\t\t<h2 class=\"elementor-heading-title elementor-size-default\">\"<\/h2>\t\t\t\t<\/div>\n\t\t\t\t<div class=\"elementor-element elementor-element-71a00b3 elementor-widget elementor-widget-text-editor\" data-id=\"71a00b3\" data-element_type=\"widget\" data-e-type=\"widget\" data-widget_type=\"text-editor.default\">\n\t\t\t\t\t\t\t\t\t<p>Nous aspirons \u00e0 inspirer nos \u00e9tudiants \u00e0 viser plus haut, \u00e0 approfondir leurs connaissances, \u00e0 s\u2019engager davantage et \u00e0 se d\u00e9passer continuellement tout au long de leur parcours acad\u00e9mique et professionnel.<\/p>\t\t\t\t\t\t\t\t<\/div>\n\t\t\t\t<div class=\"elementor-element elementor-element-ae0ee85 elementor-widget elementor-widget-heading\" data-id=\"ae0ee85\" data-element_type=\"widget\" data-e-type=\"widget\" data-widget_type=\"heading.default\">\n\t\t\t\t\t<h2 class=\"elementor-heading-title elementor-size-default\">Directeur G\u00e9n\u00e9ral<\/h2>\t\t\t\t<\/div>\n\t\t\t\t<\/div>\n\t\t\t\t\t<\/div>\n\t\t\t\t<\/div>\n\t\t<div class=\"elementor-element elementor-element-e3c412e e-flex e-con-boxed e-con e-parent\" data-id=\"e3c412e\" data-element_type=\"container\" data-e-type=\"container\">\n\t\t\t\t\t<div class=\"e-con-inner\">\n\t\t<div class=\"elementor-element elementor-element-5c860be e-con-full e-flex e-con e-child\" data-id=\"5c860be\" data-element_type=\"container\" data-e-type=\"container\">\n\t\t\t\t<div class=\"elementor-element elementor-element-e0197f7 elementor-widget elementor-widget-heading\" data-id=\"e0197f7\" data-element_type=\"widget\" data-e-type=\"widget\" data-widget_type=\"heading.default\">\n\t\t\t\t\t<h2 class=\"elementor-heading-title elementor-size-default\">Structure des formations<\/h2>\t\t\t\t<\/div>\n\t\t\t\t<\/div>\n\t\t<div class=\"elementor-element elementor-element-0ad005d e-con-full e-flex e-con e-child\" data-id=\"0ad005d\" data-element_type=\"container\" data-e-type=\"container\">\n\t\t\t\t<div class=\"elementor-element elementor-element-cb1f4f5 elementor-widget-divider--view-line elementor-widget elementor-widget-divider\" data-id=\"cb1f4f5\" data-element_type=\"widget\" data-e-type=\"widget\" data-widget_type=\"divider.default\">\n\t\t\t\t\t\t\t<div class=\"elementor-divider\">\n\t\t\t<span class=\"elementor-divider-separator\">\n\t\t\t\t\t\t<\/span>\n\t\t<\/div>\n\t\t\t\t\t\t<\/div>\n\t\t\t\t<div class=\"elementor-element elementor-element-729ecb8 elementor-widget elementor-widget-text-editor\" data-id=\"729ecb8\" data-element_type=\"widget\" data-e-type=\"widget\" data-widget_type=\"text-editor.default\">\n\t\t\t\t\t\t\t\t\t<p>L\u2019Institut Sup\u00e9rieur du D\u00e9veloppement Rural s\u2019engage \u00e0 offrir \u00e0 ses \u00e9tudiants un programme acad\u00e9mique diversifi\u00e9 et \u00e9quilibr\u00e9, int\u00e9grant des enseignements th\u00e9oriques et pratiques stimulants, afin de les pr\u00e9parer efficacement \u00e0 une int\u00e9gration professionnelle r\u00e9ussie et \u00e0 une participation active \u00e0 la vie sociale et culturelle.<\/p>\t\t\t\t\t\t\t\t<\/div>\n\t\t\t\t<\/div>\n\t\t\t\t\t<\/div>\n\t\t\t\t<\/div>\n\t\t<div class=\"elementor-element elementor-element-6ee173e e-flex e-con-boxed e-con e-parent\" data-id=\"6ee173e\" data-element_type=\"container\" data-e-type=\"container\" data-settings=\"{&quot;background_background&quot;:&quot;classic&quot;}\">\n\t\t\t\t\t<div class=\"e-con-inner\">\n\t\t<div class=\"elementor-element elementor-element-f8d92b0 e-con-full e-flex e-con e-child\" data-id=\"f8d92b0\" data-element_type=\"container\" data-e-type=\"container\" data-settings=\"{&quot;background_background&quot;:&quot;classic&quot;}\">\n\t\t<div class=\"elementor-element elementor-element-70f5e64 e-con-full e-flex e-con e-child\" data-id=\"70f5e64\" data-element_type=\"container\" data-e-type=\"container\">\n\t\t\t\t<div class=\"elementor-element elementor-element-77517fc elementor-widget elementor-widget-image\" data-id=\"77517fc\" data-element_type=\"widget\" data-e-type=\"widget\" data-widget_type=\"image.default\">\n\t\t\t\t\t\t\t\t\t\t\t\t\t\t\t<img fetchpriority=\"high\" decoding=\"async\" width=\"768\" height=\"1024\" src=\"https:\/\/isdrgoma.ac.cd\/wp-content\/uploads\/2026\/03\/IMG_20240105_150552_783-768x1024.jpg\" class=\"attachment-large size-large wp-image-57\" alt=\"\" srcset=\"https:\/\/isdrgoma.ac.cd\/wp-content\/uploads\/2026\/03\/IMG_20240105_150552_783-768x1024.jpg 768w, https:\/\/isdrgoma.ac.cd\/wp-content\/uploads\/2026\/03\/IMG_20240105_150552_783-225x300.jpg 225w, https:\/\/isdrgoma.ac.cd\/wp-content\/uploads\/2026\/03\/IMG_20240105_150552_783-1152x1536.jpg 1152w, https:\/\/isdrgoma.ac.cd\/wp-content\/uploads\/2026\/03\/IMG_20240105_150552_783-1536x2048.jpg 1536w, https:\/\/isdrgoma.ac.cd\/wp-content\/uploads\/2026\/03\/IMG_20240105_150552_783-scaled.jpg 1920w\" sizes=\"(max-width: 768px) 100vw, 768px\" \/>\t\t\t\t\t\t\t\t\t\t\t\t\t\t\t<\/div>\n\t\t\t\t<div class=\"elementor-element elementor-element-d6f8dc7 elementor-widget elementor-widget-heading\" data-id=\"d6f8dc7\" data-element_type=\"widget\" data-e-type=\"widget\" data-widget_type=\"heading.default\">\n\t\t\t\t\t<h2 class=\"elementor-heading-title elementor-size-default\">Environnement et D\u00e9veloppement Durable<\/h2>\t\t\t\t<\/div>\n\t\t\t\t<div class=\"elementor-element elementor-element-1f07b19 elementor-widget elementor-widget-text-editor\" data-id=\"1f07b19\" data-element_type=\"widget\" data-e-type=\"widget\" data-widget_type=\"text-editor.default\">\n\t\t\t\t\t\t\t\t\t<p>Exp\u00e9rience pratique approfondie avec les outils modernes d\u2019analyse environnementale, les technologies de gestion durable des ressources naturelles et les m\u00e9thodes innovantes de d\u00e9veloppement communautaire.<\/p>\t\t\t\t\t\t\t\t<\/div>\n\t\t\t\t<\/div>\n\t\t\t\t<\/div>\n\t\t<div class=\"elementor-element elementor-element-0f2e2aa e-con-full e-flex e-con e-child\" data-id=\"0f2e2aa\" data-element_type=\"container\" data-e-type=\"container\" data-settings=\"{&quot;background_background&quot;:&quot;classic&quot;}\">\n\t\t<div class=\"elementor-element elementor-element-83465c2 e-con-full e-flex e-con e-child\" data-id=\"83465c2\" data-element_type=\"container\" data-e-type=\"container\">\n\t\t\t\t<div class=\"elementor-element elementor-element-2620f5d elementor-widget elementor-widget-image\" data-id=\"2620f5d\" data-element_type=\"widget\" data-e-type=\"widget\" data-widget_type=\"image.default\">\n\t\t\t\t\t\t\t\t\t\t\t\t\t\t\t<img decoding=\"async\" width=\"1024\" height=\"768\" src=\"https:\/\/isdrgoma.ac.cd\/wp-content\/uploads\/2026\/03\/PXL_20240802_070525092-1024x768.jpg\" class=\"attachment-large size-large wp-image-74\" alt=\"\" srcset=\"https:\/\/isdrgoma.ac.cd\/wp-content\/uploads\/2026\/03\/PXL_20240802_070525092-1024x768.jpg 1024w, https:\/\/isdrgoma.ac.cd\/wp-content\/uploads\/2026\/03\/PXL_20240802_070525092-300x225.jpg 300w, https:\/\/isdrgoma.ac.cd\/wp-content\/uploads\/2026\/03\/PXL_20240802_070525092-768x576.jpg 768w, https:\/\/isdrgoma.ac.cd\/wp-content\/uploads\/2026\/03\/PXL_20240802_070525092-1536x1152.jpg 1536w, https:\/\/isdrgoma.ac.cd\/wp-content\/uploads\/2026\/03\/PXL_20240802_070525092-2048x1536.jpg 2048w\" sizes=\"(max-width: 1024px) 100vw, 1024px\" \/>\t\t\t\t\t\t\t\t\t\t\t\t\t\t\t<\/div>\n\t\t\t\t<div class=\"elementor-element elementor-element-4a8fbc2 elementor-widget elementor-widget-heading\" data-id=\"4a8fbc2\" data-element_type=\"widget\" data-e-type=\"widget\" data-widget_type=\"heading.default\">\n\t\t\t\t\t<h2 class=\"elementor-heading-title elementor-size-default\">Gestion des Entreprises de D\u00e9veloppement <\/h2>\t\t\t\t<\/div>\n\t\t\t\t<div class=\"elementor-element elementor-element-3b38b8a elementor-widget elementor-widget-text-editor\" data-id=\"3b38b8a\" data-element_type=\"widget\" data-e-type=\"widget\" data-widget_type=\"text-editor.default\">\n\t\t\t\t\t\t\t\t\t<p>Formation pratique ax\u00e9e sur l\u2019administration d\u2019entreprises de d\u00e9veloppement, la gestion financi\u00e8re, l\u2019entrepreneuriat social et la conduite de projets visant la transformation durable des communaut\u00e9s.<\/p>\t\t\t\t\t\t\t\t<\/div>\n\t\t\t\t<\/div>\n\t\t\t\t<\/div>\n\t\t<div class=\"elementor-element elementor-element-8c16ee1 e-con-full e-flex e-con e-child\" data-id=\"8c16ee1\" data-element_type=\"container\" data-e-type=\"container\" data-settings=\"{&quot;background_background&quot;:&quot;classic&quot;}\">\n\t\t<div class=\"elementor-element elementor-element-2b170b4 e-con-full e-flex e-con e-child\" data-id=\"2b170b4\" data-element_type=\"container\" data-e-type=\"container\">\n\t\t\t\t<div class=\"elementor-element elementor-element-a860980 elementor-widget elementor-widget-image\" data-id=\"a860980\" data-element_type=\"widget\" data-e-type=\"widget\" data-widget_type=\"image.default\">\n\t\t\t\t\t\t\t\t\t\t\t\t\t\t\t<img decoding=\"async\" width=\"576\" height=\"1024\" src=\"https:\/\/isdrgoma.ac.cd\/wp-content\/uploads\/2026\/03\/PXL_20230411_141559994-576x1024.jpg\" class=\"attachment-large size-large wp-image-75\" alt=\"\" srcset=\"https:\/\/isdrgoma.ac.cd\/wp-content\/uploads\/2026\/03\/PXL_20230411_141559994-576x1024.jpg 576w, https:\/\/isdrgoma.ac.cd\/wp-content\/uploads\/2026\/03\/PXL_20230411_141559994-169x300.jpg 169w, https:\/\/isdrgoma.ac.cd\/wp-content\/uploads\/2026\/03\/PXL_20230411_141559994-768x1365.jpg 768w, https:\/\/isdrgoma.ac.cd\/wp-content\/uploads\/2026\/03\/PXL_20230411_141559994-864x1536.jpg 864w, https:\/\/isdrgoma.ac.cd\/wp-content\/uploads\/2026\/03\/PXL_20230411_141559994-1152x2048.jpg 1152w, https:\/\/isdrgoma.ac.cd\/wp-content\/uploads\/2026\/03\/PXL_20230411_141559994-scaled.jpg 1440w\" sizes=\"(max-width: 576px) 100vw, 576px\" \/>\t\t\t\t\t\t\t\t\t\t\t\t\t\t\t<\/div>\n\t\t\t\t<div class=\"elementor-element elementor-element-1d2aa34 elementor-widget elementor-widget-heading\" data-id=\"1d2aa34\" data-element_type=\"widget\" data-e-type=\"widget\" data-widget_type=\"heading.default\">\n\t\t\t\t\t<h2 class=\"elementor-heading-title elementor-size-default\">Organisation Sociale<\/h2>\t\t\t\t<\/div>\n\t\t\t\t<div class=\"elementor-element elementor-element-713ffd9 elementor-widget elementor-widget-text-editor\" data-id=\"713ffd9\" data-element_type=\"widget\" data-e-type=\"widget\" data-widget_type=\"text-editor.default\">\n\t\t\t\t\t\t\t\t\t<p>Exp\u00e9rience pratique approfondie en gestion des organisations communautaires, en mobilisation sociale et en mise en \u0153uvre de projets visant le renforcement du tissu social et le d\u00e9veloppement participatif.<\/p>\t\t\t\t\t\t\t\t<\/div>\n\t\t\t\t<\/div>\n\t\t\t\t<\/div>\n\t\t\t\t<div class=\"elementor-element elementor-element-6872cc5 elementor-widget elementor-widget-button\" data-id=\"6872cc5\" data-element_type=\"widget\" data-e-type=\"widget\" data-widget_type=\"button.default\">\n\t\t\t\t\t\t\t\t\t\t<a class=\"elementor-button elementor-button-link elementor-size-sm\" href=\"https:\/\/isdrgoma.ac.cd\/?page_id=144\">\n\t\t\t\t\t\t<span class=\"elementor-button-content-wrapper\">\n\t\t\t\t\t\t\t\t\t<span class=\"elementor-button-text\">En Savoir  Plus <\/span>\n\t\t\t\t\t<\/span>\n\t\t\t\t\t<\/a>\n\t\t\t\t\t\t\t\t<\/div>\n\t\t\t\t\t<\/div>\n\t\t\t\t<\/div>\n\t\t<div class=\"elementor-element elementor-element-3dbf0e5 e-flex e-con-boxed e-con e-parent\" data-id=\"3dbf0e5\" data-element_type=\"container\" data-e-type=\"container\">\n\t\t\t\t\t<div class=\"e-con-inner\">\n\t\t\t\t<div class=\"elementor-element elementor-element-a1afa5e elementor-widget-divider--view-line elementor-widget elementor-widget-divider\" data-id=\"a1afa5e\" data-element_type=\"widget\" data-e-type=\"widget\" data-widget_type=\"divider.default\">\n\t\t\t\t\t\t\t<div class=\"elementor-divider\">\n\t\t\t<span class=\"elementor-divider-separator\">\n\t\t\t\t\t\t<\/span>\n\t\t<\/div>\n\t\t\t\t\t\t<\/div>\n\t\t\t\t\t<\/div>\n\t\t\t\t<\/div>\n\t\t<div class=\"elementor-element elementor-element-9438266 e-flex e-con-boxed e-con e-parent\" data-id=\"9438266\" data-element_type=\"container\" data-e-type=\"container\">\n\t\t\t\t\t<div class=\"e-con-inner\">\n\t\t\t\t<div class=\"elementor-element elementor-element-d956c58 elementor-widget elementor-widget-heading\" data-id=\"d956c58\" data-element_type=\"widget\" data-e-type=\"widget\" data-widget_type=\"heading.default\">\n\t\t\t\t\t<h2 class=\"elementor-heading-title elementor-size-default\">Gallery<\/h2>\t\t\t\t<\/div>\n\t\t<div class=\"elementor-element elementor-element-4e0b907 e-con-full e-flex e-con e-child\" data-id=\"4e0b907\" data-element_type=\"container\" data-e-type=\"container\">\n\t\t<div class=\"elementor-element elementor-element-92d7b29 e-con-full e-flex e-con e-child\" data-id=\"92d7b29\" data-element_type=\"container\" data-e-type=\"container\" data-settings=\"{&quot;background_background&quot;:&quot;slideshow&quot;,&quot;background_slideshow_gallery&quot;:[{&quot;id&quot;:100,&quot;url&quot;:&quot;http:\\\/\\\/isdrgoma.ac.cd\\\/wp-content\\\/uploads\\\/2026\\\/03\\\/PXL_20230411_144442256.PORTRAIT-scaled.jpg&quot;}],&quot;background_slideshow_loop&quot;:&quot;yes&quot;,&quot;background_slideshow_slide_duration&quot;:5000,&quot;background_slideshow_slide_transition&quot;:&quot;fade&quot;,&quot;background_slideshow_transition_duration&quot;:500}\">\n\t\t\t\t<\/div>\n\t\t<div class=\"elementor-element elementor-element-dde9215 e-con-full e-flex e-con e-child\" data-id=\"dde9215\" data-element_type=\"container\" data-e-type=\"container\">\n\t\t<div class=\"elementor-element elementor-element-2fa7970 e-con-full e-flex e-con e-child\" data-id=\"2fa7970\" data-element_type=\"container\" data-e-type=\"container\" data-settings=\"{&quot;background_background&quot;:&quot;slideshow&quot;,&quot;background_slideshow_gallery&quot;:[{&quot;id&quot;:109,&quot;url&quot;:&quot;http:\\\/\\\/isdrgoma.ac.cd\\\/wp-content\\\/uploads\\\/2026\\\/03\\\/PXL_20240812_140328605-scaled.jpg&quot;}],&quot;background_slideshow_loop&quot;:&quot;yes&quot;,&quot;background_slideshow_slide_duration&quot;:5000,&quot;background_slideshow_slide_transition&quot;:&quot;fade&quot;,&quot;background_slideshow_transition_duration&quot;:500}\">\n\t\t\t\t<\/div>\n\t\t<div class=\"elementor-element elementor-element-8595649 e-con-full e-flex e-con e-child\" data-id=\"8595649\" data-element_type=\"container\" data-e-type=\"container\" data-settings=\"{&quot;background_background&quot;:&quot;slideshow&quot;,&quot;background_slideshow_gallery&quot;:[{&quot;id&quot;:107,&quot;url&quot;:&quot;http:\\\/\\\/isdrgoma.ac.cd\\\/wp-content\\\/uploads\\\/2026\\\/03\\\/PXL_20240813_115630076-scaled.jpg&quot;}],&quot;background_slideshow_loop&quot;:&quot;yes&quot;,&quot;background_slideshow_slide_duration&quot;:5000,&quot;background_slideshow_slide_transition&quot;:&quot;fade&quot;,&quot;background_slideshow_transition_duration&quot;:500}\">\n\t\t\t\t<\/div>\n\t\t<div class=\"elementor-element elementor-element-de8f0fc e-con-full e-flex e-con e-child\" data-id=\"de8f0fc\" data-element_type=\"container\" data-e-type=\"container\" data-settings=\"{&quot;background_background&quot;:&quot;slideshow&quot;,&quot;background_slideshow_gallery&quot;:[{&quot;id&quot;:108,&quot;url&quot;:&quot;http:\\\/\\\/isdrgoma.ac.cd\\\/wp-content\\\/uploads\\\/2026\\\/03\\\/PXL_20240814_104739204-scaled.jpg&quot;}],&quot;background_slideshow_loop&quot;:&quot;yes&quot;,&quot;background_slideshow_slide_duration&quot;:5000,&quot;background_slideshow_slide_transition&quot;:&quot;fade&quot;,&quot;background_slideshow_transition_duration&quot;:500}\">\n\t\t\t\t<\/div>\n\t\t\t\t<\/div>\n\t\t<div class=\"elementor-element elementor-element-c30105a e-con-full e-flex e-con e-child\" data-id=\"c30105a\" data-element_type=\"container\" data-e-type=\"container\" data-settings=\"{&quot;background_background&quot;:&quot;slideshow&quot;,&quot;background_slideshow_gallery&quot;:[{&quot;id&quot;:105,&quot;url&quot;:&quot;http:\\\/\\\/isdrgoma.ac.cd\\\/wp-content\\\/uploads\\\/2026\\\/03\\\/IMG_20240105_151835_874-scaled.jpg&quot;}],&quot;background_slideshow_loop&quot;:&quot;yes&quot;,&quot;background_slideshow_slide_duration&quot;:5000,&quot;background_slideshow_slide_transition&quot;:&quot;fade&quot;,&quot;background_slideshow_transition_duration&quot;:500}\">\n\t\t\t\t<\/div>\n\t\t\t\t<\/div>\n\t\t\t\t\t<\/div>\n\t\t\t\t<\/div>\n\t\t<div class=\"elementor-element elementor-element-0f1a122 e-flex e-con-boxed e-con e-parent\" data-id=\"0f1a122\" data-element_type=\"container\" data-e-type=\"container\" data-settings=\"{&quot;background_background&quot;:&quot;classic&quot;}\">\n\t\t\t\t\t<div class=\"e-con-inner\">\n\t\t\t\t<div class=\"elementor-element elementor-element-0e2029f elementor-widget-divider--view-line elementor-widget elementor-widget-divider\" data-id=\"0e2029f\" data-element_type=\"widget\" data-e-type=\"widget\" data-widget_type=\"divider.default\">\n\t\t\t\t\t\t\t<div class=\"elementor-divider\">\n\t\t\t<span class=\"elementor-divider-separator\">\n\t\t\t\t\t\t<\/span>\n\t\t<\/div>\n\t\t\t\t\t\t<\/div>\n\t\t\t\t<div class=\"elementor-element elementor-element-42a644b elementor-widget elementor-widget-text-editor\" data-id=\"42a644b\" data-element_type=\"widget\" data-e-type=\"widget\" data-widget_type=\"text-editor.default\">\n\t\t\t\t\t\t\t\t\t<p class=\"elementor-heading-title elementor-size-default\">D\u00e9sirez-vous obtenir davantage d\u2019informations sur les proc\u00e9dures d\u2019admission et les mises \u00e0 jour acad\u00e9miques ?<\/p><p class=\"elementor-heading-title elementor-size-default\">Inscrivez-vous \u00e0 notre bulletin d\u2019information.<\/p>\t\t\t\t\t\t\t\t<\/div>\n\t\t\t\t<div class=\"elementor-element elementor-element-ac512f1 elementor-align-center elementor-widget elementor-widget-button\" data-id=\"ac512f1\" data-element_type=\"widget\" data-e-type=\"widget\" data-widget_type=\"button.default\">\n\t\t\t\t\t\t\t\t\t\t<a class=\"elementor-button elementor-button-link elementor-size-sm elementor-animation-grow\" href=\"#\">\n\t\t\t\t\t\t<span class=\"elementor-button-content-wrapper\">\n\t\t\t\t\t\t\t\t\t<span class=\"elementor-button-text\">En Savoir Plus<\/span>\n\t\t\t\t\t<\/span>\n\t\t\t\t\t<\/a>\n\t\t\t\t\t\t\t\t<\/div>\n\t\t\t\t\t<\/div>\n\t\t\t\t<\/div>\n\t\t\t\t<\/div>\n\t\t","protected":false},"excerpt":{"rendered":"<p>INSTITUT SUPERIEUR DE DEVELOPPEMENT RURAL Nous formons des professionnels comp\u00e9tents et engag\u00e9s pour promouvoir un d\u00e9veloppement durable, inclusif et innovant &hellip; <\/p>\n","protected":false},"author":1,"featured_media":0,"parent":0,"menu_order":0,"comment_status":"closed","ping_status":"closed","template":"elementor_header_footer","meta":{"footnotes":""},"class_list":["post-20","page","type-page","status-publish","hentry"],"_links":{"self":[{"href":"https:\/\/isdrgoma.ac.cd\/index.php?rest_route=\/wp\/v2\/pages\/20","targetHints":{"allow":["GET"]}}],"collection":[{"href":"https:\/\/isdrgoma.ac.cd\/index.php?rest_route=\/wp\/v2\/pages"}],"about":[{"href":"https:\/\/isdrgoma.ac.cd\/index.php?rest_route=\/wp\/v2\/types\/page"}],"author":[{"embeddable":true,"href":"https:\/\/isdrgoma.ac.cd\/index.php?rest_route=\/wp\/v2\/users\/1"}],"replies":[{"embeddable":true,"href":"https:\/\/isdrgoma.ac.cd\/index.php?rest_route=%2Fwp%2Fv2%2Fcomments&post=20"}],"version-history":[{"count":112,"href":"https:\/\/isdrgoma.ac.cd\/index.php?rest_route=\/wp\/v2\/pages\/20\/revisions"}],"predecessor-version":[{"id":437,"href":"https:\/\/isdrgoma.ac.cd\/index.php?rest_route=\/wp\/v2\/pages\/20\/revisions\/437"}],"wp:attachment":[{"href":"https:\/\/isdrgoma.ac.cd\/index.php?rest_route=%2Fwp%2Fv2%2Fmedia&parent=20"}],"curies":[{"name":"wp","href":"https:\/\/api.w.org\/{rel}","templated":true}]}}